0). Let t = b - 29. Calculate the greatest common divisor of t and 3.
3
Let s = -32 + 164. What is the highest common divisor of 60 and s?
12
Let q(g) = g - 1. Let l be q(4). Suppose -39*y = -128*y + 89. Calculate the highest common factor of y and l.
1
Let x(b) = b**2 - 10*b + 9. Let w be x(10). Let d be ((-5)/(-4) - 2)/(w/(-180)). Calculate the highest common divisor of 60 and d.
15
Suppose -6*t + 0*t + 168 = 0. Suppose 0 = -4*l - 0*l + t. What is the greatest common factor of 7 and l?
7
Let k = 394 + -185. Calculate the highest common divisor of 38 and k.
19
Let c = 45 - -225. Suppose 0*o + o = c. Suppose -3*l + 59 = -31. What is the greatest common factor of l and o?
30
Let c = 17 - 15. Suppose a = 2*w + 124, 3*a - c*w - 356 = -0*a. Let b be (-7)/((-14)/a) - 2. What is the greatest common factor of 14 and b?
14
Suppose 0*l + 3*l = 0. Let x be (2 + 2 - 3)*3. Suppose -c + 3*d = -22, -x*c + l*d = 4*d - 1. Calculate the greatest common divisor of 77 and c.
7
Let r(f) = -f**2 + 32*f - 120. Let n be r(23). Calculate the highest common divisor of 6 and n.
3
Suppose 0 = 3*u - 5*y - 65, 2*u = 6*y - y + 40. Let n be (u/(-5) + 0)*(-78)/10. What is the greatest common factor of n and 26?
13
Let l = -202 - -213. Let k be (1/1 + -17)*-7. Suppose 5*v + k = 3*u, u - v = -3*u + 172. Calculate the greatest common divisor of u and l.
11
Let d = 209 + -74. What is the greatest common factor of 180 and d?
45
Let i(s) = -7*s + 6*s**3 - 110*s**2 - 5*s**3 - 1 - 3*s**3 + 102*s**2. Let f be i(-6). What is the highest common factor of f and 37?
37
Let f be 3/12*-3 - 300/(-16). Suppose 5*y + 2*o - 53 = 0, y = -0*y - 2*o + 17. Calculate the greatest common factor of f and y.
9
Let i be (-4)/((-6)/(-4 + 7)). Suppose 0*x + 4*o - 160 = -2*x, 115 = i*x - 5*o. Suppose 3*f - 191 = x. What is the greatest common factor of 29 and f?
29
Let t be (-6 + 6 - 43)/(-1). What is the greatest common factor of t and 817?
43
Suppose -3*x + 22 = b - 230, 0 = 2*b + x - 484. Suppose 2*a + 2*a = b. Let h = a + -24. Calculate the highest common divisor of 4 and h.
4
Suppose 2*a - 3*a = -9. Calculate the highest common divisor of a and 153.
9
Suppose y = -2*g + 64, 2*y = g - 4*g + 128. Suppose -u - 26 + y = 0. Calculate the highest common divisor of 95 and u.
19
Let y be 20/2 - (-114 + 58). Calculate the greatest common divisor of y and 165.
33
Let a(b) = -b**3 + 13*b**2 - 19*b - 33. Let g be a(10). Suppose -h + 4 = -3. Calculate the greatest common factor of h and g.
7
Suppose 9*k + 45 - 9 = 0. Let u(o) = o**2 + 3*o + 6. Let y be u(k). Calculate the greatest common factor of 110 and y.
10
Let k = 41 - 37. Suppose u - 3*h - 96 = 0, -3*u + 0*h + 288 = k*h. Calculate the highest common divisor of 64 and u.
32
Let v = -678 - -688. What is the greatest common divisor of v and 395?
5
Let c(j) = 11*j**3 + j - 1. Let x be c(1). Suppose -5*w + 54 = -x. Suppose -w = -0*t - t. What is the highest common divisor of t and 26?
13
Let y be 1/(-3) + (-167)/3. Suppose -820 = 39*u + 311. Let c = u - y. Calculate the highest common factor of c and 18.
9
Suppose -8*j + 189 = 1141. Let n = -74 - j. What is the greatest common divisor of n and 405?
45
Suppose 16*r - 60 = r. Let v be 4/(1150/285 - r). Calculate the highest common divisor of 38 and v.
38
Let k be (2/(-6))/(3/(-108)). Calculate the highest common divisor of k and 36.
12
Let a = 772 + -366. Calculate the greatest common factor of a and 116.
58
Suppose 5*l - 140 = 3*l. Let v(u) = 3*u + 4. Suppose 2 = -d + 10. Let j be v(d). What is the greatest common factor of l and j?
14
Let g(q) = 54*q - 412. Let t be g(8). Suppose 3*b - 253 = 407. Calculate the highest common divisor of t and b.
20
Let c = -16 - -49. Let d be ((-1)/(-2))/(5/(-50))*-7. Let f = d - c. What is the highest common divisor of f and 16?
2
Let n(f) = f**2 - 6*f + 10. Let x be n(3). Let h(v) = 9*v**3 - v**2 + 2*v - 2. Let k be h(x). Calculate the highest common divisor of 8 and k.
8
Suppose -39*n = -40*n + 242. What is the highest common divisor of n and 44?
22
Let q(b) = -2*b - b**3 - 2*b**3 + b**2 - 2 + 5*b**3 - 3*b**3. Let l be q(6). Let s = l + 311. Calculate the highest common divisor of s and 13.
13
Suppose 10*v = -352 + 952. Let j(w) = -w**2 + 3. Let u be j(0). Let l be (-3)/(u/30*-3). What is the highest common divisor of l and v?
10
Let q be (4 + 0)*(-42)/(-12). Suppose -4*g = -5*h - 86, -2*g = 3*h - 0*g + 56. Let y = -16 - h. Calculate the greatest common factor of q and y.
2
Suppose 5*y + 5*k + 1399 = -1006, 4*k = -2*y - 952. Let i = -214 - y. Calculate the highest common divisor of i and 17.
17
Suppose -2*d = -d - 20. Let g(j) = -j**3 - 3*j**2 - 3*j. Let x be g(-3). Let s be (30*-5)/(x/(-6)). What is the highest common divisor of d and s?
20
Suppose 0 = 2*g - 10, 0 = -5*d + 3*g + g - 5. Suppose -d*a - 248 = -7*a. Suppose 10*o - 93 = 7*o. Calculate the highest common factor of o and a.
31
Let s be ((168/10)/7)/(3/110). Calculate the highest common divisor of s and 231.
11
Let k be 2334/6 + -5 + -4. What is the highest common factor of k and 60?
20
Suppose 5*k = d + 27 - 46, -3*k = 4*d - 53. Calculate the greatest common factor of 574 and d.
14
Suppose 0 = 13*b - 26*b + 1547. Calculate the greatest common factor of b and 7.
7
Let q = -408 - -705. Let v be -1 + (-2 - (-2 - 5)) - -23. Calculate the highest common factor of q and v.
27
Let h = 19 + -15. Suppose -h*j = -65 - 43. Let v be 3564/60*(-10)/(-2). What is the greatest common divisor of j and v?
27
Let m(c) = -23*c - 369. Let d be m(-20). Calculate the greatest common divisor of 13 and d.
13
Let d(y) = -2*y**3 + 2*y**2 - 1. Let a be d(-1). Let c be (40 - 37)/(2/22). What is the greatest common factor of c and a?
3
Let v = -762 - -775. What is the highest common factor of 949 and v?
13
Suppose -4*s - 140 = 3*s. Let u(c) = c + 26. Let i be u(s). Calculate the greatest common divisor of 48 and i.
6
Suppose 5*b = -0*b + 10. Suppose -2 = 5*s - j - 27, 2*j + 18 = 2*s. What is the greatest common divisor of b and s?
2
Let u(w) = 5*w + 138. Let z be u(-23). Let q(g) = g**3 - 5*g**2 - 10*g - 4. Let l be q(9). What is the greatest common divisor of z and l?
23
Let g(v) = -v**3 - v**2 - 4*v. Let c be g(-3). Suppose 0*l = 5*l - c. Suppose -f + 62 + 4 = 0. Calculate the greatest common divisor of f and l.
6
Let n(a) = a**2 - 4*a - 5. Let j be n(-5). Suppose -2*r - 5*y = 7, 8*r - 11 = 3*r - 3*y. Suppose f = -r*f + j. Calculate the highest common divisor of f and 24.
8
Let u be (1974/(-105))/(2/(-40)). What is the greatest common divisor of 16 and u?
8
Suppose 0 = -3*a + 2 + 1. Let g = a + 7. Calculate the highest common divisor of 12 and g.
4
Let v = 40 + -28. Let z(g) = -g**2 + 15*g + 4. Let p be z(v). Suppose 3*b + b = p. Calculate the greatest common factor of b and 50.
10
Let n = 10 - -11. Let s = 34 - n. Let i(m) = -m**3 - 7*m**2 + 22*m - 15. Let y be i(-10). Calculate the greatest common factor of s and y.
13
Let f be 24/(-10) + (-10164)/(-35). What is the greatest common factor of f and 126?
18
Let h be (3 + 1)*(-9)/(-6). Let y(a) = -10*a - 14 - h + 6*a. Let i be y(-9). What is the highest common divisor of i and 4?
4
Let n(q) = -q**2 + 11*q - 9. Let z be ((-6)/(-3) + 16)/2. Let j = z + 0. Let d be n(j). What is the greatest common divisor of 1 and d?
1
Suppose 7*m = 458 + 991. Let v = m - 117. Calculate the highest common divisor of 10 and v.
10
Let n be (-1276)/(6*(-5)/15). What is the greatest common factor of 22 and n?
22
Let o(l) = -17*l**2 - 30*l**2 - 5*l**2 - 8*l**2 - 5*l - 3. Let m be o(3). Let i be (-2)/(-14) - m/63. Calculate the greatest common factor of 99 and i.
9
Let q = 154 - 106. Suppose -6*r = -3*r - q. Suppose 0 = -4*o + 112 - 16. Calculate the greatest common factor of r and o.
8
Let i be ((-2)/(-3))/(74858/8316 + -9). What is the highest common divisor of i and 36?
36
Suppose 2*g + q + 3*q = 2, -5*q = -g + 1. Suppose 30*b - 784 = 12*b - 94*b. What is the greatest common factor of g and b?
1
Let a be 354/15*(3 - (-6 - 76)). Calculate the highest common divisor of 34 and a.
34
Let o = 204 + -200. What is the highest common factor of o and 172?
4
Let u(z) = -8*z - 3*z - 4*z + 10. Suppose 3*h - 33 = 2*b, 0*b + 2*h + 6 = -b. Let x be u(b). What is the highest common factor of 19 and x?
19
Let i be (8/(-4))/(1/(